{"id":116,"date":"2023-01-23T13:54:25","date_gmt":"2023-01-23T13:54:25","guid":{"rendered":"https:\/\/digitaleconomy.wales\/ecce2023\/?page_id=116"},"modified":"2023-09-17T17:42:48","modified_gmt":"2023-09-17T16:42:48","slug":"organisation","status":"publish","type":"page","link":"https:\/\/digitaleconomy.wales\/ecce2023\/organisation\/","title":{"rendered":"Organisation"},"content":{"rendered":"\n<p><strong>General Chairs<\/strong><\/p>\n\n\n\n<p style=\"line-height:0.5\">Alan Dix, <em>Swansea University and Cardiff Metropolitan University<\/em><\/p>\n\n\n\n<p style=\"line-height:0.5\">Irene Reppa, <em>Swansea University<\/em><\/p>\n\n\n\n<p>Carina Westling, <em>Bournemouth University<\/em><\/p>\n\n\n\n<p style=\"line-height:0.5\">Harry Witchel, <em>Brighton &amp; Sussex Medical School<\/em><\/p>\n\n\n\n<p><\/p>\n\n\n\n<p style=\"line-height:0.4\"><strong>Doctoral Consortium Chairs<\/strong><\/p>\n\n\n\n<p style=\"line-height:0.4\">Dr. St\u00e9phane Safin, <em>Institut Polytechnique de Paris<\/em><\/p>\n\n\n\n<p style=\"line-height:0.4\">Prof. Gerrit van der Veer, <em>Vrije Universiteit Amsterdam<\/em><\/p>\n\n\n\n<p style=\"line-height:0.4\">Dr. Joe MacInnes, <em>Swansea University<\/em><\/p>\n\n\n\n<p><\/p>\n\n\n\n<p style=\"line-height:0.4\"><strong>Workshop Chairs<\/strong><\/p>\n\n\n\n<p style=\"line-height:0.3\">Prof. Harry Witchel, <em>Brighton and Sussex Medical School<\/em><\/p>\n\n\n\n<p style=\"line-height:0.3\">Prof. Raymond Bond, <em>Ulster University, Belfast<\/em><\/p>\n\n\n\n<p style=\"line-height:1.8\"><strong>Program Committee<\/strong> <\/p>\n\n\n\n<p style=\"line-height:0.3\">Mattias Arvola (Link\u00f6ping University)<\/p>\n\n\n\n<p style=\"line-height:0.3\">Michael Mose Biskjaer (Aarhus University)<\/p>\n\n\n\n<p style=\"line-height:0.3\">Raymond Bond (Ulster University)<\/p>\n\n\n\n<p style=\"line-height:0.3\">Assaf Botzer (Ariel University)<\/p>\n\n\n\n<p style=\"line-height:0.3\">Licia Calvi (Breda University of Applied Sciences)<\/p>\n\n\n\n<p style=\"line-height:0.3\">Francoise Detienne (French National Centre for Scientific Research; CNRS)<\/p>\n\n\n\n<p style=\"line-height:0.3\">Anke Dittmar (University of Rostock)<\/p>\n\n\n\n<p style=\"line-height:0.3\">Achim Ebert (Technische Universit\u00e4t Kaiserslautern)<\/p>\n\n\n\n<p style=\"line-height:0.3\">Ali Farooq (University of Turku)<\/p>\n\n\n\n<p style=\"line-height:0.3\">Rikard Harr (Ume\u00e5 University)<\/p>\n\n\n\n<p style=\"line-height:0.3\">Shah Rukh Humayoun (San Francisco State University)<\/p>\n\n\n\n<p style=\"line-height:0.3\">Marja Liinasuo (VTT Technical Research Centre of Finland Ltd)<\/p>\n\n\n\n<p style=\"line-height:0.3\">Patrizia Marti (University of Siena)<\/p>\n\n\n\n<p style=\"line-height:0.3\">Tilo Mentler (Trier University of Applied Sciences)<\/p>\n\n\n\n<p style=\"line-height:0.3\">Maurice Mulvenna (Ulster University)<\/p>\n\n\n\n<p style=\"line-height:0.3\">Chris Porter (University College London)<\/p>\n\n\n\n<p style=\"line-height:0.3\">St\u00e9phane Safin (T\u00e9l\u00e9com Paris &#8211; Institut Polytechnique de Paris)&nbsp;<\/p>\n\n\n\n<p style=\"line-height:0.3\">Ulrik S\u00f6derstr\u00f6m (Umea University)<\/p>\n\n\n\n<p style=\"line-height:0.3\">Chris Stary (Johannes Kepler University Linz)<\/p>\n\n\n\n<p style=\"line-height:0.3\">Christof van Nimwegen (Utrecht University)<\/p>\n\n\n\n<p style=\"line-height:0.3\">Christina Vasiliou (Northumbria University)<\/p>\n\n\n\n<p style=\"line-height:0.3\">Carina Westling (Bournemouth University)<\/p>\n\n\n\n<p style=\"line-height:0.3\">Harry Witchel (Brighton and Sussex Medical School)<\/p>\n\n\n\n<p style=\"line-height:0.3\">Oronzo Parlangeli (University of Siena)<\/p>\n\n\n\n<p><\/p>\n","protected":false},"excerpt":{"rendered":"<p>General Chairs Alan Dix, Swansea University and Cardiff Metropolitan University Irene Reppa, Swansea University Carina Westling, Bournemouth University Harry Witchel, Brighton &amp; Sussex Medical School Doctoral Consortium Chairs Dr. St\u00e9phane Safin, Institut Polytechnique de Paris Prof. Gerrit van der Veer, Vrije Universiteit Amsterdam Dr. Joe MacInnes, Swansea University Workshop Chairs Prof. Harry Witchel, Brighton and [&hellip;]<\/p>\n","protected":false},"author":3,"featured_media":0,"parent":0,"menu_order":5,"comment_status":"closed","ping_status":"closed","template":"","meta":{"footnotes":""},"class_list":["post-116","page","type-page","status-publish","hentry"],"_links":{"self":[{"href":"https:\/\/digitaleconomy.wales\/ecce2023\/wp-json\/wp\/v2\/pages\/116","targetHints":{"allow":["GET"]}}],"collection":[{"href":"https:\/\/digitaleconomy.wales\/ecce2023\/wp-json\/wp\/v2\/pages"}],"about":[{"href":"https:\/\/digitaleconomy.wales\/ecce2023\/wp-json\/wp\/v2\/types\/page"}],"author":[{"embeddable":true,"href":"https:\/\/digitaleconomy.wales\/ecce2023\/wp-json\/wp\/v2\/users\/3"}],"replies":[{"embeddable":true,"href":"https:\/\/digitaleconomy.wales\/ecce2023\/wp-json\/wp\/v2\/comments?post=116"}],"version-history":[{"count":17,"href":"https:\/\/digitaleconomy.wales\/ecce2023\/wp-json\/wp\/v2\/pages\/116\/revisions"}],"predecessor-version":[{"id":365,"href":"https:\/\/digitaleconomy.wales\/ecce2023\/wp-json\/wp\/v2\/pages\/116\/revisions\/365"}],"wp:attachment":[{"href":"https:\/\/digitaleconomy.wales\/ecce2023\/wp-json\/wp\/v2\/media?parent=116"}],"curies":[{"name":"wp","href":"https:\/\/api.w.org\/{rel}","templated":true}]}}